ose 0*b - 3*b + 114 = 0. Calculate the remainder when b is divided by f(3).
18
Suppose 0 = 3*v + 8 + 391. Let b = -61 - v. Let s = -51 + b. Calculate the remainder when s is divided by 11.
10
Calculate the remainder when (-17)/((-204)/558) + (-3)/(-2) is divided by 4.
0
Let b = 105 + -40. Let d(p) = -29*p - 7. Suppose 0 = 4*m + 5*z - 3 - 3, 5*m - 5*z + 15 = 0. Calculate the remainder when b is divided by d(m).
21
Let v = -1840 - -1948. What is the remainder when v is divided by 16?
12
Let a = 1436 + -1360. Calculate the remainder when a is divided by 40.
36
Suppose -19 = 3*v + 14. Let l = 23 - v. Suppose 0*q + 4*q = 48. Calculate the remainder when l is divided by q.
10
Let s(b) = 7*b - 76. Calculate the remainder when 78 is divided by s(16).
6
Suppose -4*m - 72 + 1080 = 0. Calculate the remainder when m is divided by 11.
10
Let v(n) = -3*n + 51. Calculate the remainder when 167 is divided by v(13).
11
Let z = 15 + -18. Calculate the remainder when 496/10 - 24/(-60) is divided by ((-12)/z)/16*52.
11
Let r = 148 - 45. What is the remainder when r is divided by 35?
33
Let l(d) = -3*d**2 - 49*d - 31. Calculate the remainder when 286 is divided by l(-15).
25
Let z = 98 + -55. What is the remainder when 168 is divided by z?
39
Let s(v) = -30*v + 9. What is the remainder when 69 is divided by s(-1)?
30
Suppose -19*u - 22 = -21*u. Calculate the remainder when 75 is divided by u.
9
Suppose 0 = 2*r + 4*u - 88, 0*u - 4 = 2*u. Suppose 8*z - r = 6*z. What is the remainder when 46 is divided by z?
22
Suppose -p = 2*p - 3*x - 6, 0 = -2*p + 5*x + 7. Let v be (2 + (2 - p))*1. Let g = v + 0. What is the remainder when g is divided by 3?
0
Suppose 3*c - 4*g - g = 65, 0 = 3*c - 2*g - 62. What is the remainder when (-238)/(-6) + 4/(-6) is divided by c?
19
Let g = 38 + -52. What is the remainder when (-18)/63 - 298/g is divided by 12?
9
Let u = -392 + 468. What is the remainder when 88 is divided by u?
12
Suppose 168 = q + 25. Suppose 0 = -4*v + 109 + q. Suppose -4*p = r - 4*r - 65, -4*p + 5*r = -v. Calculate the remainder when 65 is divided by p.
14
Suppose x = 3*d - 18, x = -0*x - 3*d + 12. What is the remainder when 2/(-8) + 141/4 is divided by (-54)/(-4) - (x - 36/(-8))?
11
Suppose -20 + 2 = -2*v. Let z(p) = 12*p - 32. What is the remainder when z(v) is divided by 13?
11
Let t(j) be the second derivative of 27*j**4/4 - j**3/6 - j**2 - 14*j. Calculate the remainder when t(1) is divided by 27.
24
Let u(y) = 0*y + 1 - 7 + 3*y + 8*y. Let o be u(-6). Let i = 102 + o. What is the remainder when i is divided by 8?
6
Let a be 1/(1/(-2) + 1). Suppose -o - a*t = -2*o - 7, o + t = 8. Suppose -3*x - 53 = -o*v + x, -v = -2*x - 17. Calculate the remainder when v is divided by 4.
3
Let z = 579 - 407. Suppose 5*s - z - 178 = 0. What is the remainder when s is divided by 18?
16
Suppose -51 = -h - 2*h. Let u = 9203 + -9194. Calculate the remainder when (1 + 1)/(1/h) is divided by u.
7
Let l(o) be the first derivative of -o**3/3 + 11*o**2/2 + 8*o - 1. Let g(r) = 2*r + 1. Calculate the remainder when l(11) is divided by g(1).
2
Let l = -1 + 2. Let y(n) = 11*n**3 - 2*n**2 + 2*n - 1. What is the remainder when 2 - (-34 - (5 - 2)) is divided by y(l)?
9
Suppose -p - 5*f = -21, -4*p = f - 32 - 90. What is the remainder when 274 is divided by p?
26
Suppose -g + 5*a + 35 = g, 10 = 3*g + a. Suppose -90 = -4*q - 5*b + 7, g*q = 4*b + 111. Calculate the remainder when q is divided by (-6)/15 + (-67)/(-5).
10
Let r = -71 + 65. Calculate the remainder when 13 is divided by (-45)/(-10) + 3/r.
1
Suppose -23*p = -27*p + u + 511, 253 = 2*p - u. Calculate the remainder when p is divided by 11.
8
Let f = 46 - 26. Let y = 21 + f. Let u(v) = -v**3 + 7*v**2 - 8*v + 34. What is the remainder when y is divided by u(6)?
19
Suppose 2*c + j = 67, -2*c + 5*j + 70 = 9*j. Calculate the remainder when 122 is divided by c.
23
What is the remainder when (-2 - 102/4)*(-24)/15 is divided by 16?
12
Suppose -3*b - 2*v - 105 = -8*b, 5*v + 25 = 0. Suppose 3*d = b - 7. Suppose 0 = d*l - 0 - 8. Calculate the remainder when 5 is divided by l.
1
Let y(t) = 9*t - 21. Let f(w) = 4*w - 10. Let s(a) = -7*f(a) + 3*y(a). Let u be s(5). Calculate the remainder when 2 - (-168)/4 - u is divided by 15.
12
Let l be ((-2)/(-3))/(28/294). Suppose 0 = -l*m + 5*m + 6. Calculate the remainder when 8 is divided by m.
2
What is the remainder when 24 is divided by (-4 + 4)/(-1 - -3) - -16?
8
Suppose 107 = 6*k - 25. What is the remainder when -3 - -1 - (-9)/6*74 is divided by k?
21
Suppose -72 = -4*y - 84, 4*y = 5*q - 87. Calculate the remainder when 1949 is divided by q.
14
Let k(o) = 22*o + 72. What is the remainder when 110 is divided by k(-2)?
26
Suppose -a = -8 - 22. Let z be ((-63)/14)/((-2)/(-4)). Let m(i) = -i + 2. What is the remainder when a is divided by m(z)?
8
Let m be 2/4*100/10. Suppose -50 = -m*o + 20. What is the remainder when 81 is divided by o?
11
Let w = -309 - -313. What is the remainder when 46 is divided by w?
2
Suppose -3*n - i + 62 = 0, -12 = n - i - 34. Calculate the remainder when 80 is divided by n.
17
Suppose 224 = 24*z - 8*z. Suppose -3*t = -25 - z. Calculate the remainder when 101 is divided by t.
10
What is the remainder when 134 is divided by 2208/44 + -2 + 20/(-110)?
38
Let b = -8 + 18. Suppose 5*s + 10 = -0*s. Let x = s + 9. What is the remainder when b is divided by x?
3
Suppose g + 5*q + 230 = 6*g, -144 = -3*g + 5*q. Calculate the remainder when 169 is divided by g.
40
Suppose -a - 3*a + 300 = 0. Calculate the remainder when a is divided by (-56)/12*((-80)/35 - 2).
15
Let f(z) = 4*z**2 - 26*z + 115. What is the remainder when f(7) is divided by 22?
19
Let l(d) = 0 - 4 + 7*d + d**3 - 2*d**3 - 3*d**2. Calculate the remainder when 30 is divided by l(-5).
8
Suppose -82*s = -80*s - 4. What is the remainder when 180 is divided by 1/s*(126 + -3 + -1)?
58
Let w(u) = -3*u**3 - 122*u**2 - 82*u - 52. Let z = 146 - 66. Calculate the remainder when z is divided by w(-40).
24
Suppose -5*m - 105 - 5 = 0. Let b = -21 - m. Calculate the remainder when 2 is divided by b.
0
Suppose 5*l + 0 = j + 32, -4*l - 5*j = -43. Suppose 32 = t + l. Calculate the remainder when t is divided by 10.
5
Let z = -65 + 65. Suppose z = 2*w + 12 - 104. What is the remainder when w is divided by 7?
4
Let w(f) = -f**2 + 4*f + 2. Let b be w(7). Let t = b + 35. Suppose 37*q = 1472 + 230. What is the remainder when q is divided by t?
14
Let h(y) = -2*y**2 - 4*y. Let q be h(-2). Let s be q + 150/5 + 0. Let l = -22 + s. What is the remainder when 30 is divided by l?
6
Suppose -20*r + 15*r + 55 = 0. What is the remainder when 372 is divided by r?
9
Let a be -2 + 0 + 21/3. Let j(s) = 3*s - 5. Let z be j(a). Suppose -5*v = f + 14, 1 = f + 4*v + z. What is the remainder when f is divided by 7?
4
Suppose 7 = -6*m + 2*m - 5*o, o - 3 = -3*m. Suppose r - m*r + 108 = 0. Calculate the remainder when r is divided by 37.
34
Let u be (-2*3)/(24/80*-5). Suppose 0 = -l + 29 - u. What is the remainder when 94 is divided by l?
19
Suppose 171*n - 166*n = 5130. What is the remainder when n is divided by 21?
18
Let y be (0 + -12)/(-2 + (-18)/(-10)). What is the remainder when 60 is divided by (-8)/y - (-242)/15?
12
Suppose 6*z = 4*n + 2*z - 84, 2*n - 14 = -5*z. Let r = n - 8. Let x(b) = -b**2 + 38*b - 150. What is the remainder when x(5) is divided by r?
6
Let w = 53 - 24. Let f = -13 - -29. What is the remainder when w is divided by f?
13
Let n(y) = -y**2 + 3*y + 16. Let w be n(-11). What is the remainder when (-48)/18*w/4 is divided by 19?
16
Let i(o) = 2*o**3 + 16*o**2 + 26*o + 87. What is the remainder when 189 is divided by i(-7)?
0
Let l = -111 - -148. Calculate the remainder when 478 is divided by l.
34
Let i = -78 - -178. Suppose -8*f + 13*f + i = 0. Let b = f - -26. What is the remainder when 23 is divided by b?
5
Let p = 12 - 6. Let x(u) = u**3 + 5*u**2 - 6. Suppose 2*s - s = -4. What is the remainder when x(s) is divided by p?
4
Let w(z) = -5*z + 79. What is the remainder when w(-17) is divided by 130?
34
Let u(d) = -9*d. Let m(f) = f**2 + 6. Let w be m(8). Calculate the remainder when u(-5) is divided by 6/27 + w/9.
5
Suppose -3*u + 20 = -46. What is the remainder when 82 is divided by u?
16
Calculate the remainder when 527 is divided by 1 - ((-5)/4)/((